 b = 56 - u. Calculate q(b).
4
Suppose -4*h - 36 = -4*a, 3*a + h - 6 - 5 = 0. Let y be 4 - (1 + 1) - (15 - 13). Let c = a - y. Let m(p) = p**3 - 5*p**2 - 2*p - 5. What is m(c)?
-15
Let n(a) = a - 1. Let j be (19/(-2))/((91/28)/(-13)). Let x = -38 + j. Calculate n(x).
-1
Let b(n) = 8*n - 89. Let s be (-384)/(-48)*((-39)/6)/(4/(-1)). Calculate b(s).
15
Let v(z) = 6*z + 106. Let m be ((-54)/21)/(((-12)/(-28))/3). What is v(m)?
-2
Let r(k) = -3899*k + 12 + 3904*k - 60. What is r(10)?
2
Let r(q) = -q. Let y = 50 + 125. Suppose -5*c = -m - 205, -3*m = 5*c + 2*m - y. Let t = c + -47. Determine r(t).
7
Suppose -3 = -4*j + 4*v - 43, -j = 4*v. Let g(x) = -x**3 - 11*x**2 - 27*x + 7. Give g(j).
31
Let h(a) be the third derivative of -a**4/4 + 23*a**3/6 - a**2 + 1191*a. What is h(7)?
-19
Let i = -527 + 566. Suppose i = -6*q - 7*q. Let s(o) = -2*o - 4. Determine s(q).
2
Let y(g) = -133*g - 12 - 3*g**2 + 267*g - 153*g + 2*g**2 - 57. Calculate y(-12).
15
Suppose -386 + 59 = 63*g + 240. Let x(k) = -k**3 + 0*k**3 - 6*k**2 - 3*k**2 - 4. Give x(g).
-4
Let i(z) = z**3 + 14*z**2 + 22*z - 14. Let v = -4862 + 4850. Calculate i(v).
10
Let u(w) = 4*w - 29. Let j(l) = 3*l**3 + 47*l + 6. Let k be j(0). Give u(k).
-5
Let v(w) be the second derivative of 1/12*w**4 + 5*w + 1/2*w**2 - 7/6*w**3 - 14. Give v(5).
-9
Let c(x) = 194448 + 8*x - 2*x**2 - 97245 - 97226. Give c(5).
-33
Let v(c) = -c + 1. Let q(t) = -5*t - 6. Let j(s) = -q(s) + 2*v(s). Suppose 0 = -3*d - 4*o + 52, 5*d - 2*o - 135 = o. Suppose -3*p - d = p. What is j(p)?
-10
Let f(o) = 3*o - 37. Let k(j) = -j**3 - 10*j**2 + 4*j + 11. Let l be k(0). Determine f(l).
-4
Let q(t) = -t**3 - 2*t**2 + 27*t - 26. Let u be q(1). Let a(r) = 3*r**3 + 2. Determine a(u).
-22
Let p(w) be the first derivative of 15*w**2/2 - 62*w - 6384. Determine p(6).
28
Let s(r) be the first derivative of r**2/2 - 3*r - 8. Suppose 5*d + 5*o - 23 + 1253 = 0, 5*d - 4*o = -1230. Let u be 2/12 - d/36. Determine s(u).
4
Let z(t) = 5*t + 7*t**3 - 6*t**3 - 19 + 17*t + 8 - 9*t**2 - 6*t. Determine z(8).
53
Let g(l) = l**3 - 7*l**2 + 6*l - 4. Let s be g(6). Let d(f) be the second derivative of -f**4/12 - f**3 - 3*f**2/2 + 4*f - 1476. Give d(s).
5
Let b(x) = 5*x - 27. Let q be b(5). Let a be 5*-5*(3 + q). Let d be (-35)/a + (-6)/15 - 3. Let i(n) = -n**2 + n - 1. Determine i(d).
-7
Let r(v) = 2*v - 6. Let h(b) = 4*b**3 - 9*b**2 + 14*b - 3. Let l be h(4). Let g = l - 159. Calculate r(g).
6
Let m(d) = 5*d + 5. Let l(a) = -a - 1. Suppose 3*i + h - 40 = 60, -3*i - 4*h = -85. Let z = 33 - i. Let q(o) = z*m(o) - 11*l(o). Calculate q(-5).
-4
Suppose 11*k + 693 = 594. Let n(m) = 11 - 7*m + 2*m**2 - m**2 - 4 - 2*m**2. Calculate n(k).
-11
Let o(g) = g**2 + 9*g + 22. Let r be o(-6). Let b(m) = 2*m + 13*m**2 + m + r + m**3 - 18*m**2. Give b(3).
-5
Suppose 23 = -14*x - 9*x. Let q be (x/2)/((121/176)/(-11)). Let l(h) = h - 13. Give l(q).
-5
Let f(k) = 4*k**2 + 3*k - 3. Let q(p) = -22*p**2 - 14*p + 3. Let b(z) = -6*f(z) - q(z). Calculate b(-8).
-81
Let d(n) = -3*n - 60. Let w be d(-21). Let h(v) = 36 - 50 + v**w + 9 + 4*v**2. Calculate h(-4).
-5
Let q(i) be the first derivative of -96 + 0*i**2 - i**3 + 1/4*i**4 + i. Calculate q(3).
1
Let p(q) = -q**3 - 4*q**2 + 5. Suppose -11*u + 7*u = -8. Suppose u*b - 20 = 4*d, -1 - 1 = -b. Calculate p(d).
5
Let k(t) = -85*t + 20. Let b(l) = -73*l + 19. Let i(q) = 7*b(q) - 6*k(q). Give i(-13).
26
Let w = 12 - 17. Let t(o) = 19*o**2 + 3*o + 41. Let k(l) = 11*l**2 + 2*l + 22. Let y(u) = 7*k(u) - 4*t(u). Give y(w).
5
Suppose 5*v = a - 36, 0 = -a + 56*v - 61*v - 34. Let l(k) = -10*k**2 + 6*k - 8. Give l(a).
-12
Let w(q) be the first derivative of q**3/3 + 4*q**2 + 12*q - 1. Let h(b) = -7*b**3 + 41*b**2 + 2*b + 18. Let y be h(6). Give w(y).
0
Let w(c) = -c**3 + 18*c**2 + 27*c - 33. Let a be w(19). Suppose -90*p = -107*p - a. Let m(x) = -2*x**2 - 9*x + 4. What is m(p)?
-31
Let r(h) = h**3 + 7*h**2 + 7*h + 3. Let i be r(-6). Let v be -28*(27/i)/(-18). Let q(k) = -k**3 - 14*k**2 + 2*k + 21. Calculate q(v).
-7
Let u = -6 - -5. Let t be u/(-1) + 1*-1. Let n(w) be the second derivative of -w**4/12 + w**3/6 + 13*w**2/2 - 22*w + 2. Give n(t).
13
Let k(c) = -c**2 + c - 4. Let a = 66 - -12. Suppose -78 = 2*p - a. Suppose -g = p, -3*g - 3 = -w - 2*g. Determine k(w).
-10
Let y be 6/15 - (-789)/15. Let n = -51 + y. Let z(h) = 7*h**3 - 18*h**3 + 6*h**n + 12*h**3 + 5. Calculate z(-6).
5
Let j(d) = -d**3 + 11*d**2 + 12*d + 10. Let h be 414/69 - -2*3. Let i be j(h). Let w(g) = -4*g + 32. What is w(i)?
-8
Let o be (1/(-1) - 0) + (3 - 9). Let u(j) = j**3 + 7*j**2 - j - 16. Calculate u(o).
-9
Suppose 0 = 4*p - 158 + 102. Let g(o) = o + 27 - 5 - p. What is g(6)?
14
Let d(m) be the third derivative of m**5/4 + m**4/24 + m**3/6 + 2*m**2 - 540. Calculate d(1).
17
Let b = -216 - -226. Let l(n) = 31*n - 12*n - 11*n - b*n. Determine l(2).
-4
Let a be 223 + (6 - 7)*3. Let q = 221 - a. Let u(c) = -21*c**3 - 2*c**2 + c. Calculate u(q).
-22
Let m(d) be the first derivative of -5*d**2 + 6*d + 2048. What is m(-3)?
36
Let p(z) = z**2 - 2510*z - 5023. Let m be p(-2). Let n(v) = v + 2*v**2 - 12*v**2 + 1 - 2*v. Determine n(m).
-10
Suppose 5*t + 8*o = 3*o + 255, -3*t + 167 = -4*o. Suppose -2*n + 12 = x + x, 2*n = 4*x - 6. Let b(z) = x*z - 53 + t. Determine b(5).
15
Suppose 0*x - 2*x = 0. Suppose -1 + x = n. Let q(f) = -4941*f + 1 - 4942*f - 4948*f + 14844*f. Determine q(n).
-12
Let s = 4865 - 4871. Let u(b) = -17*b - 30. What is u(s)?
72
Let s(i) = 2*i**3 + 5*i**2 + i - 11. Let k be s(-4). Let v = k + 78. Suppose -v + 0 = -5*o. Let m(l) = -2*l + 4. Give m(o).
-2
Suppose 54 = -7*b + 75. Let i(l) = -4*l**b - 9*l**3 + 18*l**3 - 6*l**3 + 5*l - 4*l**2 + 3. What is i(-4)?
-17
Let c(a) be the third derivative of 0 - 2/3*a**3 + 0*a**4 + 0*a + 1/15*a**5 + 1/120*a**6 - 2*a**2. Suppose 14*r = -8*r - 88. Determine c(r).
-4
Suppose 5*u - 28 = -z, 19*u + 5*z = 18*u + 20. Let f(p) = -p**3 + 2*p**2 + 4*p - 4. Give f(u).
-59
Let y(w) be the second derivative of w**4/12 + 2*w**3/3 - 13*w**2/2 - 2776*w. Calculate y(-6).
-1
Let h(u) be the first derivative of -1/2*u**2 + 2/3*u**3 + 1/12*u**4 - 4*u + 12. Let g(f) be the first derivative of h(f). Determine g(-5).
4
Let o(r) be the first derivative of 1/3*r**3 - 3*r + 18 - 5/2*r**2. Give o(5).
-3
Let f(g) = -11 + 18*g + 24*g - 57*g + 13*g. Determine f(-14).
17
Let v(a) be the second derivative of -a**5/10 - a**4/12 + a**3/2 + a**2/2 - 71*a + 6. Calculate v(3).
-53
Suppose 1887 - 6351 = -5*p + 4*t, -4*p + 3600 = 4*t. Let n = 1733 - p. Let o(r) = 419*r + 3 - n*r + 417*r. Determine o(5).
-2
Let q(g) be the first derivative of 157 + 5/2*g**2 + 4*g - 1/3*g**3. What is q(5)?
4
Let l(d) = d + 37. Let p be l(9). Let t = p - 48. Let j be -2 + t + 20/(-5). Let z(m) = -m**2 - 6*m - 5. Calculate z(j).
-21
Let h(o) = -o + 3. Let g(j) = j**3 - 8*j**2 + 11*j - 8. Let r be g(6). Let p = r + 17. Suppose p*v = -3*v + 36. Calculate h(v).
-3
Let a(b) = -7*b - 262. Let g be a(-48). Let w(f) = -153 + 80 - 6*f - f**2 + g. Calculate w(-5).
6
Let p(a) = a**3 - 13*a**2 + 13*a - 11. Suppose -10*r + 7*r = 33. Let i(c) = -4*c**2 - 36*c + 16. Let q be i(r). Let k be (q/15)/(14/(-35)). Determine p(k).
1
Suppose f = -5*n + 4, 2*n - 5*n + 4 = f. Let o(i) = -13*i**2 + 29*i - 13. Let y(p) = -3*p**2 + 7*p - 3. Let z(s) = 2*o(s) - 9*y(s). Give z(f).
-3
Let m(n) = -7*n**3 - 156*n**2 - 51*n + 29. Let j(b) = -3*b**3 - 67*b**2 - 25*b + 14. Let q(x) = -9*j(x) + 4*m(x). Calculate q(-22).
12
Let m(r) be the second derivative of r**5/20 - 3*r**4/4 + 7*r**3/6 - 11*r**2/2 - 953*r - 1. Determine m(7).
-60
Let b = -58 + 35. Let q = b - -26. Suppose q*p = 4 + 2. Let a(r) = r**3 - 2*r**2 + 3*r - 3. Calculate a(p).
3
Let h(b) = b - 11. Suppose 5*c - 22 = -27, 67 = 5*z - 2*c. Determine h(z).
2
Let d(l) be the third derivative of l**5/30 + l**4/12 + 11*l**3/3 - 5*l**2 - 441. Give d(7).
134
Let r(x) = -3*x - 104. Suppose 12307*s + 480 = 12291*s. Calculate r(s).
-14
Let t(o) = o**2 - 2*o - 12. Suppose 0 = -5*m - 4*j + 56, -70*m + 73*m = -4*j + 40. What is t(m)?
36
Let n(g) = -g**2 + 4*g + 1. Let y be (63/(-18) - -2)*(1 + -33). Suppose -y*h = -263 - 25. What is n(h)?
-11
Let x(l) = -4*l**2 - l - 6. Let q(b) = -13*b**2 - 8*b - 12. Let c(k) = -q(k) + 3*x(k). Let g be (-1 + (-6)/9)*3. Calculate c(g).
-6
Let 